73 is divided by 1870.
13
What is the remainder when 71803171 is divided by 68?
67
Calculate the remainder when 527840 is divided by 1849.
875
Calculate the remainder when 827159849 is divided by 11.
10
Calculate the remainder when 1921164 is divided by 14023.
13
What is the remainder when 559810884 is divided by 846?
840
What is the remainder when 2309392 is divided by 998?
20
What is the remainder when 293964 is divided by 146817?
330
Calculate the remainder when 2834707 is divided by 8487.
49
Calculate the remainder when 791108 is divided by 1108.
1104
Calculate the remainder when 332182665 is divided by 3460236.
9
Calculate the remainder when 651196 is divided by 1600.
1596
What is the remainder when 1163450 is divided by 3880?
3330
What is the remainder when 26358 is divided by 6552?
150
Calculate the remainder when 7899209 is divided by 14932.
181
What is the remainder when 12807993 is divided by 12?
9
What is the remainder when 42070273 is divided by 120?
73
Calculate the remainder when 4266461 is divided by 28.
17
What is the remainder when 1872145 is divided by 935697?
751
What is the remainder when 18814 is divided by 712?
302
What is the remainder when 15189 is divided by 1488?
309
What is the remainder when 242144 is divided by 24096?
1184
What is the remainder when 4325943 is divided by 872?
823
What is the remainder when 48004168 is divided by 571478?
16
What is the remainder when 606796519 is divided by 1801?
1798
What is the remainder when 326000 is divided by 1572?
596
What is the remainder when 2117382 is divided by 15?
12
Calculate the remainder when 22187430 is divided by 3613.
3610
What is the remainder when 24920 is divided by 24677?
243
What is the remainder when 7851133 is divided by 4340?
73
What is the remainder when 1137005 is divided by 542?
431
Calculate the remainder when 756894 is divided by 1342.
6
What is the remainder when 102741 is divided by 25596?
357
What is the remainder when 3595792 is divided by 57072?
256
What is the remainder when 1256526 is divided by 2189?
40
What is the remainder when 56302410 is divided by 11?
10
Calculate the remainder when 544427 is divided by 58.
39
Calculate the remainder when 319678 is divided by 460.
438
Calculate the remainder when 676321568 is divided by 6237.
6236
Calculate the remainder when 369182 is divided by 587.
546
Calculate the remainder when 125326 is divided by 6043.
4466
What is the remainder when 339134 is divided by 30830?
4
What is the remainder when 12747240 is divided by 1593403?
16
Calculate the remainder when 3001003 is divided by 2771.
10
Calculate the remainder when 218246 is divided by 13778.
11576
Calculate the remainder when 81241055 is divided by 274463.
7
Calculate the remainder when 72655 is divided by 2504.
39
What is the remainder when 351332 is divided by 87809?
96
Calculate the remainder when 172587420 is divided by 567.
558
What is the remainder when 2425872 is divided by 14186?
66
Calculate the remainder when 1337587 is divided by 148601.
178
Calculate the remainder when 104611 is divided by 101550.
3061
What is the remainder when 52376137 is divided by 68287?
8
What is the remainder when 1150134 is divided by 1740?
1734
What is the remainder when 489761 is divided by 54365?
476
Calculate the remainder when 7397912 is divided by 284535.
2
Calculate the remainder when 22764767 is divided by 377.
376
Calculate the remainder when 19213842 is divided by 12.
6
Calculate the remainder when 130264 is divided by 2646.
610
Calculate the remainder when 7429122 is divided by 375.
372
Calculate the remainder when 9783 is divided by 9762.
21
Calculate the remainder when 9231993 is divided by 244.
9
Calculate the remainder when 517081 is divided by 492.
481
What is the remainder when 2121970 is divided by 2569?
2545
Calculate the remainder when 2093563 is divided by 139569.
28
What is the remainder when 23387023 is divided by 23387012?
11
Calculate the remainder when 1320488 is divided by 5480.
5288
What is the remainder when 1083753 is divided by 2593?
2472
Calculate the remainder when 190292 is divided by 36962.
5482
What is the remainder when 893683 is divided by 49?
21
What is the remainder when 6716508 is divided by 62?
48
Calculate the remainder when 670136 is divided by 2482.
2478
What is the remainder when 3258671 is divided by 1618?
19
What is the remainder when 8656 is divided by 668?
640
Calculate the remainder when 273867 is divided by 54559.
1072
Calculate the remainder when 89223 is divided by 6861.
30
Calculate the remainder when 2624341 is divided by 93722.
125
Calculate the remainder when 955874 is divided by 171.
155
What is the remainder when 33227005 is divided by 11075665?
10
Calculate the remainder when 89149 is divided by 83.
7
Calculate the remainder when 2699255 is divided by 578.
573
What is the remainder when 1614509 is divided by 43633?
88
What is the remainder when 1134345 is divided by 12890?
25
What is the remainder when 71468 is divided by 10025?
1293
Calculate the remainder when 705680 is divided by 3459.
44
What is the remainder when 7063847 is divided by 595?
7
What is the remainder when 11843871 is divided by 419?
417
Calculate the remainder when 433900 is divided by 30.
10
Calculate the remainder when 1992090 is divided by 11790.
11370
Calculate the remainder when 629361 is divided by 676.
5
What is the remainder when 49054 is divided by 189?
103
Calculate the remainder when 1137923 is divided by 34482.
17
What is the remainder when 21730688 is divided by 61560?
8
What is the remainder when 705683 is divided by 141107?
148
What is the remainder when 38984 is divided by 37490?
1494
Calculate the remainder when 618457 is divided by 943.
792
Calculate the remainder when 122291 is divided by 14563.
5787
What is the remainder when 3315374 is divided by 663070?
24
What is the remainder when 1810117 is divided by 225?
217
What is the remainder when 570267 is divided by 40719?
201
What is the remainder when 471117 is divided by 486?
183
What is the remainder when 253826 is divided by 8090?
3036
What is the remainder when 196491673 is divided by 30?
13
Calculate the remainder when 1848192 is divided by 2031.
2013
Calculate the remainder when 79228 is divided by 14571.
6373
What is the remainder when 34879 is divided by 8500?
879
What is the remainder when 18795799 is divided by 6265261?
16
Calculate the remainder when 200856 is divided by 2050.
2006
Calculate the remainder when 1484083 is divided by 17254.
239
What is the remainder when 622417 is divided by 11?
4
Calculate the remainder when 6277575 is divided by 148.
7
Calculate the remainder when 789853 is divided by 2170.
2143
What is the remainder when 7232633 is divided by 841?
33
What is the remainder when 5999684 is divided by 428541?
110
What is the remainder when 68115715 is divided by 22705234?
13
Calculate the remainder when 10814485 is divided by 10814471.
14
What is the remainder when 19125 is divided by 8348?
2429
What is the remainder when 109515 is divided by 27?
3
What is the remainder when 32806 is divided by 10832?
310
Calculate the remainder when 70584 is divided by 5138.
3790
Calculate the remainder when 4108607 is divided by 36.
35
Calculate the remainder when 58493 is divided by 1016.
581
Calculate the remainder when 397010697 is divided by 218.
215
What is the remainder when 38799 is divided by 19181?
437
Calculate the remainder when 902955 is divided by 2067.
1743
Calculate the remainder when 35200303 is divided by 10871.
5
Calculate the remainder when 2539832 is divided by 211652.
8
What is the remainder when 4355739 is divided by 62?
53
Calculate the remainder when 66977 is divided by 585.
287
Calculate the remainder when 405133920 is divided by 4220145.
0
What is the remainder when 48012 is divided by 15445?
1677
What is the remainder when 1407303 is divided by 306?
9
What is the remainder when 15385233 is divided by 14272?
17
Calculate the remainder when 895372 is divided by 1316.
492
What is the remainder when 525770 is divided by 1662?
578
Calculate the remainder when 23632 is divided by 2314.
492
Calculate the remainder when 365723 is divided by 2539.
107
Calculate the remainder when 8122320 is divided by 247.
219
Calculate the remainder wh